{"id":328,"date":"2015-02-18T18:17:43","date_gmt":"2015-02-18T17:17:43","guid":{"rendered":"http:\/\/localhost\/wordpress\/?page_id=328"},"modified":"2025-09-10T23:41:10","modified_gmt":"2025-09-10T21:41:10","slug":"der-foerderverein","status":"publish","type":"page","link":"https:\/\/www.trs-staufen.de\/?page_id=328","title":{"rendered":"Der F\u00f6rderverein"},"content":{"rendered":"<p>&nbsp;<\/p>\n<p>Hier stellt der F\u00f6rderverein kurz seine Arbeit vor:<\/p>\n<p>[su_tabs][su_tab title=&#8220;Unsere Ziele&#8220;]Wir wollen schnell und unb\u00fcrokratisch Projekte des Schullebens f\u00f6rdern, wo keine finanziellen Mittel zur Verf\u00fcgung stehen oder ausreichende Geldmittel nicht bereitgestellt werden k\u00f6nnen. Wir m\u00f6chten durch zus\u00e4tzliche Projekte das Angebot f\u00fcr die Kinder aber auch f\u00fcr die Eltern unserer Schule erweitern, um ein positives Klima eines gemeinsamen Miteinanders f\u00fcr alle an der Schule Beteiligten zu schaffen.[\/su_tab] [su_tab title=&#8220;Machen Sie mit!&#8220;]Kommen Sie zu uns und unterst\u00fctzen Sie unsere Arbeit durch Ihre Mitgliedschaft. Zur Durchf\u00fchrung der Aufgaben brauchen<br>wir Ihre finanzielle Unterst\u00fctzung, aber auch Ihre aktive Beteiligung. Der F\u00f6rderverein ist seit seiner Gr\u00fcndung im Jahr 1996 ein eingetragener Verein und verfolgt ausschlie\u00dflich gemeinn\u00fctzige Zwecke.[\/su_tab] [su_tab title=&#8220;Noch Fragen?&#8220;]Sollten Sie noch weitere Informationen w\u00fcnschen, dann erreichen Sie uns am schnellsten per Mail unter foerderverein[at]trs-staufen.de. Oder Sie wenden sich telefonisch an das Sekretariat der Thadd\u00e4us-Rinderle- Schule unter 07633 &#8211; 958140. Oder Sie schauen in unseren <a href=\"https:\/\/www.trs-staufen.de\/?wpdmpro=foerderverein\">Flyer<\/a>.[\/su_tab][\/su_tabs]<\/p>\n\n\n<p><\/p>\n","protected":false},"excerpt":{"rendered":"<p>&nbsp; Hier stellt der F\u00f6rderverein kurz seine Arbeit vor: [su_tabs][su_tab title=&#8220;Unsere Ziele&#8220;]Wir wollen schnell und unb\u00fcrokratisch Projekte des Schullebens f\u00f6rdern, wo keine finanziellen Mittel zur Verf\u00fcgung stehen oder ausreichende Geldmittel nicht bereitgestellt werden k\u00f6nnen. Wir m\u00f6chten durch zus\u00e4tzliche Projekte das Angebot f\u00fcr die Kinder aber auch f\u00fcr die Eltern unserer Schule erweitern, um ein positives Klima eines gemeinsamen Miteinanders f\u00fcr [&hellip;]<\/p>\n","protected":false},"author":1,"featured_media":0,"parent":100,"menu_order":0,"comment_status":"closed","ping_status":"closed","template":"","meta":{"ngg_post_thumbnail":0,"footnotes":""},"class_list":["post-328","page","type-page","status-publish","hentry"],"_links":{"self":[{"href":"https:\/\/www.trs-staufen.de\/index.php?rest_route=\/wp\/v2\/pages\/328","targetHints":{"allow":["GET"]}}],"collection":[{"href":"https:\/\/www.trs-staufen.de\/index.php?rest_route=\/wp\/v2\/pages"}],"about":[{"href":"https:\/\/www.trs-staufen.de\/index.php?rest_route=\/wp\/v2\/types\/page"}],"author":[{"embeddable":true,"href":"https:\/\/www.trs-staufen.de\/index.php?rest_route=\/wp\/v2\/users\/1"}],"replies":[{"embeddable":true,"href":"https:\/\/www.trs-staufen.de\/index.php?rest_route=%2Fwp%2Fv2%2Fcomments&post=328"}],"version-history":[{"count":5,"href":"https:\/\/www.trs-staufen.de\/index.php?rest_route=\/wp\/v2\/pages\/328\/revisions"}],"predecessor-version":[{"id":4450,"href":"https:\/\/www.trs-staufen.de\/index.php?rest_route=\/wp\/v2\/pages\/328\/revisions\/4450"}],"up":[{"embeddable":true,"href":"https:\/\/www.trs-staufen.de\/index.php?rest_route=\/wp\/v2\/pages\/100"}],"wp:attachment":[{"href":"https:\/\/www.trs-staufen.de\/index.php?rest_route=%2Fwp%2Fv2%2Fmedia&parent=328"}],"curies":[{"name":"wp","href":"https:\/\/api.w.org\/{rel}","templated":true}]}}