{"id":347,"date":"2015-02-18T18:46:54","date_gmt":"2015-02-18T17:46:54","guid":{"rendered":"http:\/\/localhost\/wordpress\/?page_id=347"},"modified":"2021-12-13T21:37:37","modified_gmt":"2021-12-13T20:37:37","slug":"ganztagsschule","status":"publish","type":"page","link":"https:\/\/www.trs-staufen.de\/?page_id=347","title":{"rendered":"Ganztagsschule"},"content":{"rendered":"<p><img loading=\"lazy\" decoding=\"async\" class=\"size-medium wp-image-4135 alignright\" src=\"https:\/\/www.trs-staufen.de\/wp-content\/uploads\/2021\/12\/JB_Programm_Logo_05_2019_1-300x73.jpg\" alt=\"\" width=\"300\" height=\"73\" srcset=\"https:\/\/www.trs-staufen.de\/wp-content\/uploads\/2021\/12\/JB_Programm_Logo_05_2019_1-300x73.jpg 300w, https:\/\/www.trs-staufen.de\/wp-content\/uploads\/2021\/12\/JB_Programm_Logo_05_2019_1-1024x251.jpg 1024w, https:\/\/www.trs-staufen.de\/wp-content\/uploads\/2021\/12\/JB_Programm_Logo_05_2019_1-768x188.jpg 768w, https:\/\/www.trs-staufen.de\/wp-content\/uploads\/2021\/12\/JB_Programm_Logo_05_2019_1-1536x376.jpg 1536w, https:\/\/www.trs-staufen.de\/wp-content\/uploads\/2021\/12\/JB_Programm_Logo_05_2019_1.jpg 2042w\" sizes=\"auto, (max-width: 300px) 100vw, 300px\" \/><\/p>\n<p>&nbsp;<\/p>\n<p>Durch die Einf\u00fchrung des GTS-Gesetzes nach SchG\u00a74a haben sich einige Regeln im Ganztagsbetrieb ver\u00e4ndert (s. Elternbrief mit Unterschrift vom 16.07.15).<br \/>\nWir m\u00f6chten hier nochmals auf die wichtigsten Regelungen im GTS-Betrieb verweisen:<\/p>\n<ul>\n<li>Die GTS findet an vier Tagen von Montag-Donnerstag von 7:50-15:50 statt.<br \/>\nIn dieser Zeit besteht Schulpflicht (zur 1. Stunde und auch am Nachmittag!!).<\/li>\n<\/ul>\n<ul>\n<li>Alle GTS-Kinder kommen t\u00e4glich in der ersten Stunde an. Sie machen mit ihren Betreuungspersonen (fast immer Lehrkr\u00e4ften) ein eigenes kleines Programm.<\/li>\n<\/ul>\n<ul>\n<li>Die Erstkl\u00e4ssler haben an einem Tag ein besonderes Programm. Fr. Vieh\u00f6ver von der Jugendmusikschule bietet eine Musikwerkstatt (musikalische Grundausbildung) an. Wir freuen uns sehr Ihren Kindern dieses besondere Angebot im Rahmen der GTS machen zu k\u00f6nnen (s. Brief JMS im Anhang f\u00fcr die ersten Klassen). Diese Werkstatt ist kostenfrei!!<\/li>\n<\/ul>\n<ul>\n<li>Freitags endet der Unterricht f\u00fcr alle Kinder um 12:15 Uhr!<br \/>\nAchtung: Erg\u00e4nzendes Angebot nach der Ganztagsschule G1:<br \/>\nAuf der 2. Seite der GTS-Anmeldung hatten Sie die M\u00f6glichkeit Ihr Kind anzumelden.<br \/>\nAngebot G1: 35\u20ac monatlich<br \/>\nDieses Angebot besteht nur f\u00fcr GT-Sch\u00fcler in Kernzeitbetreuung.<\/li>\n<\/ul>\n<ul>\n<li>Mo-Do von 15:50-17 Uhr und Fr. 12:15-17 Uhr (einschlie\u00dflich Mittagessen)<br \/>\nBeim Zusatzangebot G1 der Stadt holen Sie Ihr Kind in den Kernzeitr\u00e4umen ab und melden es bei der Kernzeitbetreuung pers\u00f6nlich ab! (bei Fr. Neudecker und Fr. Boam).<\/li>\n<\/ul>\n<ul>\n<li>Treffen Sie mit Ihren Kindern und dem Kernzeitpersonal klare Vereinbarungen f\u00fcr die Woche z.B. m\u00f6glichst immer gleiche Abholzeiten. Das erleichtert allen und besonders Ihren Kindern den \u00dcberblick.<\/li>\n<\/ul>\n<ul>\n<li>Beachten Sie die Endzeiten der Projekte!! Manche Projekte enden nach 15:50 Uhr. Holen Sie Ihre Kinder im Foyer ab, falls Sie keine Zusatzbetreuung gebucht haben.<\/li>\n<\/ul>\n<ul>\n<li>Da wir uns auch bei \u201eschlechtem Wetter\u201c drau\u00dfen aufhalten, muss Ihr Kind immer eine Regenjacke mit Kapuze zur Verf\u00fcgung haben (bitte den Namen eintragen).<\/li>\n<\/ul>\n","protected":false},"excerpt":{"rendered":"<p>&nbsp; Durch die Einf\u00fchrung des GTS-Gesetzes nach SchG\u00a74a haben sich einige Regeln im Ganztagsbetrieb ver\u00e4ndert (s. Elternbrief mit Unterschrift vom &hellip; <\/p>\n","protected":false},"author":1,"featured_media":0,"parent":0,"menu_order":0,"comment_status":"closed","ping_status":"closed","template":"","meta":{"ngg_post_thumbnail":0,"footnotes":""},"class_list":["post-347","page","type-page","status-publish","hentry"],"_links":{"self":[{"href":"https:\/\/www.trs-staufen.de\/index.php?rest_route=\/wp\/v2\/pages\/347","targetHints":{"allow":["GET"]}}],"collection":[{"href":"https:\/\/www.trs-staufen.de\/index.php?rest_route=\/wp\/v2\/pages"}],"about":[{"href":"https:\/\/www.trs-staufen.de\/index.php?rest_route=\/wp\/v2\/types\/page"}],"author":[{"embeddable":true,"href":"https:\/\/www.trs-staufen.de\/index.php?rest_route=\/wp\/v2\/users\/1"}],"replies":[{"embeddable":true,"href":"https:\/\/www.trs-staufen.de\/index.php?rest_route=%2Fwp%2Fv2%2Fcomments&post=347"}],"version-history":[{"count":0,"href":"https:\/\/www.trs-staufen.de\/index.php?rest_route=\/wp\/v2\/pages\/347\/revisions"}],"wp:attachment":[{"href":"https:\/\/www.trs-staufen.de\/index.php?rest_route=%2Fwp%2Fv2%2Fmedia&parent=347"}],"curies":[{"name":"wp","href":"https:\/\/api.w.org\/{rel}","templated":true}]}}

<p><img loading="lazy" decoding="async" class="size-medium wp-image-4135 alignright" src="https://www.trs-staufen.de/wp-content/uploads/2021/12/JB_Programm_Logo_05_2019_1-300x73.jpg" alt="" width="300" height="73" srcset="https://www.trs-staufen.de/wp-content/uploads/2021/12/JB_Programm_Logo_05_2019_1-300x73.jpg 300w, https://www.trs-staufen.de/wp-content/uploads/2021/12/JB_Programm_Logo_05_2019_1-1024x251.jpg 1024w, https://www.trs-staufen.de/wp-content/uploads/2021/12/JB_Programm_Logo_05_2019_1-768x188.jpg 768w, https://www.trs-staufen.de/wp-content/uploads/2021/12/JB_Programm_Logo_05_2019_1-1536x376.jpg 1536w, https://www.trs-staufen.de/wp-content/uploads/2021/12/JB_Programm_Logo_05_2019_1.jpg 2042w" sizes="auto, (max-width: 300px) 100vw, 300px" /></p>
<p>&nbsp;</p>
<p>Durch die Einführung des GTS-Gesetzes nach SchG§4a haben sich einige Regeln im Ganztagsbetrieb verändert (s. Elternbrief mit Unterschrift vom 16.07.15).<br />
Wir möchten hier nochmals auf die wichtigsten Regelungen im GTS-Betrieb verweisen:</p>
<ul>
<li>Die GTS findet an vier Tagen von Montag-Donnerstag von 7:50-15:50 statt.<br />
In dieser Zeit besteht Schulpflicht (zur 1. Stunde und auch am Nachmittag!!).</li>
</ul>
<ul>
<li>Alle GTS-Kinder kommen täglich in der ersten Stunde an. Sie machen mit ihren Betreuungspersonen (fast immer Lehrkräften) ein eigenes kleines Programm.</li>
</ul>
<ul>
<li>Die Erstklässler haben an einem Tag ein besonderes Programm. Fr. Viehöver von der Jugendmusikschule bietet eine Musikwerkstatt (musikalische Grundausbildung) an. Wir freuen uns sehr Ihren Kindern dieses besondere Angebot im Rahmen der GTS machen zu können (s. Brief JMS im Anhang für die ersten Klassen). Diese Werkstatt ist kostenfrei!!</li>
</ul>
<ul>
<li>Freitags endet der Unterricht für alle Kinder um 12:15 Uhr!<br />
Achtung: Ergänzendes Angebot nach der Ganztagsschule G1:<br />
Auf der 2. Seite der GTS-Anmeldung hatten Sie die Möglichkeit Ihr Kind anzumelden.<br />
Angebot G1: 35€ monatlich<br />
Dieses Angebot besteht nur für GT-Schüler in Kernzeitbetreuung.</li>
</ul>
<ul>
<li>Mo-Do von 15:50-17 Uhr und Fr. 12:15-17 Uhr (einschließlich Mittagessen)<br />
Beim Zusatzangebot G1 der Stadt holen Sie Ihr Kind in den Kernzeiträumen ab und melden es bei der Kernzeitbetreuung persönlich ab! (bei Fr. Neudecker und Fr. Boam).</li>
</ul>
<ul>
<li>Treffen Sie mit Ihren Kindern und dem Kernzeitpersonal klare Vereinbarungen für die Woche z.B. möglichst immer gleiche Abholzeiten. Das erleichtert allen und besonders Ihren Kindern den Überblick.</li>
</ul>
<ul>
<li>Beachten Sie die Endzeiten der Projekte!! Manche Projekte enden nach 15:50 Uhr. Holen Sie Ihre Kinder im Foyer ab, falls Sie keine Zusatzbetreuung gebucht haben.</li>
</ul>
<ul>
<li>Da wir uns auch bei „schlechtem Wetter“ draußen aufhalten, muss Ihr Kind immer eine Regenjacke mit Kapuze zur Verfügung haben (bitte den Namen eintragen).</li>
</ul>

<p>&nbsp; Durch die Einführung des GTS-Gesetzes nach SchG§4a haben sich einige Regeln im Ganztagsbetrieb verändert (s. Elternbrief mit Unterschrift vom &hellip; </p>
